{"id":9118,"date":"2024-08-02T15:47:48","date_gmt":"2024-08-02T13:47:48","guid":{"rendered":"https:\/\/nkcenter.cz\/service\/facelifting\/"},"modified":"2025-08-07T16:49:43","modified_gmt":"2025-08-07T14:49:43","slug":"facelifting","status":"publish","type":"service","link":"https:\/\/nkcenter.cz\/cs\/service\/facelifting\/","title":{"rendered":"Neinvazivn\u00ed lifting obli\u010deje"},"featured_media":7359,"template":"","class_list":["post-9118","service","type-service","status-publish","has-post-thumbnail","hentry"],"yoast_head":"<!-- This site is optimized with the Yoast SEO Premium plugin v20.0 (Yoast SEO v25.0) - https:\/\/yoast.com\/wordpress\/plugins\/seo\/ -->\n<title>Slu\u017eby - \u0426\u0435\u043d\u0442\u0440 \u043a\u0440\u0430\u0441\u043e\u0442\u044b \u0438 \u0437\u0434\u043e\u0440\u043e\u0432\u044c\u044f NK<\/title>\n<meta name=\"description\" content=\"Neinvazivn\u00ed lifting obli\u010deje je kombinace p\u0159\u00edstrojov\u00fdch procedur a mas\u00e1\u017ee obli\u010deje zam\u011b\u0159en\u00fdch na omlazen\u00ed a zpevn\u011bn\u00ed poko\u017eky obli\u010deje, krku a dekoltu s \u00fa\u010dinkem od 6 m\u011bs\u00edc\u016f do 1 roku.\" \/>\n<meta name=\"robots\" content=\"index, follow, max-snippet:-1, max-image-preview:large, max-video-preview:-1\" \/>\n<link rel=\"canonical\" href=\"https:\/\/nkcenter.cz\/cs\/service\/facelifting\/\" \/>\n<meta property=\"og:locale\" content=\"cs_CZ\" \/>\n<meta property=\"og:type\" content=\"article\" \/>\n<meta property=\"og:title\" content=\"Neinvazivn\u00ed lifting obli\u010deje\" \/>\n<meta property=\"og:description\" content=\"Neinvazivn\u00ed lifting obli\u010deje je kombinace p\u0159\u00edstrojov\u00fdch procedur a mas\u00e1\u017ee obli\u010deje zam\u011b\u0159en\u00fdch na omlazen\u00ed a zpevn\u011bn\u00ed poko\u017eky obli\u010deje, krku a dekoltu s \u00fa\u010dinkem od 6 m\u011bs\u00edc\u016f do 1 roku.\" \/>\n<meta property=\"og:url\" content=\"https:\/\/nkcenter.cz\/cs\/service\/facelifting\/\" \/>\n<meta property=\"og:site_name\" content=\"\u0426\u0435\u043d\u0442\u0440 \u043a\u0440\u0430\u0441\u043e\u0442\u044b \u0438 \u0437\u0434\u043e\u0440\u043e\u0432\u044c\u044f NK\" \/>\n<meta property=\"article:modified_time\" content=\"2025-08-07T14:49:43+00:00\" \/>\n<meta property=\"og:image\" content=\"https:\/\/nkcenter.cz\/wp-content\/uploads\/2024\/09\/\u0441\u0430\u043c\u043e\u043c\u0430\u0441\u0441\u0430\u0436-2.jpg\" \/>\n\t<meta property=\"og:image:width\" content=\"800\" \/>\n\t<meta property=\"og:image:height\" content=\"563\" \/>\n\t<meta property=\"og:image:type\" content=\"image\/jpeg\" \/>\n<meta name=\"twitter:card\" content=\"summary_large_image\" \/>\n<script type=\"application\/ld+json\" class=\"yoast-schema-graph\">{\"@context\":\"https:\/\/schema.org\",\"@graph\":[{\"@type\":\"WebPage\",\"@id\":\"https:\/\/nkcenter.cz\/cs\/service\/facelifting\/\",\"url\":\"https:\/\/nkcenter.cz\/cs\/service\/facelifting\/\",\"name\":\"Neinvazivn\u00ed lifting obli\u010deje - \u0426\u0435\u043d\u0442\u0440 \u043a\u0440\u0430\u0441\u043e\u0442\u044b \u0438 \u0437\u0434\u043e\u0440\u043e\u0432\u044c\u044f NK ,\",\"isPartOf\":{\"@id\":\"https:\/\/nkcenter.cz\/#website\"},\"primaryImageOfPage\":{\"@id\":\"https:\/\/nkcenter.cz\/cs\/service\/facelifting\/#primaryimage\"},\"image\":{\"@id\":\"https:\/\/nkcenter.cz\/cs\/service\/facelifting\/#primaryimage\"},\"thumbnailUrl\":\"https:\/\/nkcenter.cz\/wp-content\/uploads\/2024\/09\/\u0441\u0430\u043c\u043e\u043c\u0430\u0441\u0441\u0430\u0436-2.jpg\",\"datePublished\":\"2024-08-02T13:47:48+00:00\",\"dateModified\":\"2025-08-07T14:49:43+00:00\",\"description\":\"Neinvazivn\u00ed lifting obli\u010deje je kombinace p\u0159\u00edstrojov\u00fdch procedur a mas\u00e1\u017ee obli\u010deje zam\u011b\u0159en\u00fdch na omlazen\u00ed a zpevn\u011bn\u00ed poko\u017eky obli\u010deje, krku a dekoltu s \u00fa\u010dinkem od 6 m\u011bs\u00edc\u016f do 1 roku.\",\"breadcrumb\":{\"@id\":\"https:\/\/nkcenter.cz\/cs\/service\/facelifting\/#breadcrumb\"},\"inLanguage\":\"cs\",\"potentialAction\":[{\"@type\":\"ReadAction\",\"target\":[\"https:\/\/nkcenter.cz\/cs\/service\/facelifting\/\"]}]},{\"@type\":\"ImageObject\",\"inLanguage\":\"cs\",\"@id\":\"https:\/\/nkcenter.cz\/cs\/service\/facelifting\/#primaryimage\",\"url\":\"https:\/\/nkcenter.cz\/wp-content\/uploads\/2024\/09\/\u0441\u0430\u043c\u043e\u043c\u0430\u0441\u0441\u0430\u0436-2.jpg\",\"contentUrl\":\"https:\/\/nkcenter.cz\/wp-content\/uploads\/2024\/09\/\u0441\u0430\u043c\u043e\u043c\u0430\u0441\u0441\u0430\u0436-2.jpg\",\"width\":800,\"height\":563},{\"@type\":\"BreadcrumbList\",\"@id\":\"https:\/\/nkcenter.cz\/cs\/service\/facelifting\/#breadcrumb\",\"itemListElement\":[{\"@type\":\"ListItem\",\"position\":1,\"name\":\"\u0413\u043b\u0430\u0432\u043d\u0430\u044f \u0441\u0442\u0440\u0430\u043d\u0438\u0446\u0430\",\"item\":\"https:\/\/nkcenter.cz\/cs\/\"},{\"@type\":\"ListItem\",\"position\":2,\"name\":\"Slu\u017eby\",\"item\":\"https:\/\/nkcenter.cz\/cs\/service\/\"},{\"@type\":\"ListItem\",\"position\":3,\"name\":\"Neinvazivn\u00ed lifting obli\u010deje\"}]},{\"@type\":\"WebSite\",\"@id\":\"https:\/\/nkcenter.cz\/#website\",\"url\":\"https:\/\/nkcenter.cz\/\",\"name\":\"\u0426\u0435\u043d\u0442\u0440 \u043a\u0440\u0430\u0441\u043e\u0442\u044b \u0438 \u0437\u0434\u043e\u0440\u043e\u0432\u044c\u044f NK\",\"description\":\"\",\"potentialAction\":[{\"@type\":\"SearchAction\",\"target\":{\"@type\":\"EntryPoint\",\"urlTemplate\":\"https:\/\/nkcenter.cz\/?s={search_term_string}\"},\"query-input\":{\"@type\":\"PropertyValueSpecification\",\"valueRequired\":true,\"valueName\":\"search_term_string\"}}],\"inLanguage\":\"cs\"}]}<\/script>\n<!-- \/ Yoast SEO Premium plugin. -->","yoast_head_json":{"title":"Slu\u017eby - \u0426\u0435\u043d\u0442\u0440 \u043a\u0440\u0430\u0441\u043e\u0442\u044b \u0438 \u0437\u0434\u043e\u0440\u043e\u0432\u044c\u044f NK","description":"Neinvazivn\u00ed lifting obli\u010deje je kombinace p\u0159\u00edstrojov\u00fdch procedur a mas\u00e1\u017ee obli\u010deje zam\u011b\u0159en\u00fdch na omlazen\u00ed a zpevn\u011bn\u00ed poko\u017eky obli\u010deje, krku a dekoltu s \u00fa\u010dinkem od 6 m\u011bs\u00edc\u016f do 1 roku.","robots":{"index":"index","follow":"follow","max-snippet":"max-snippet:-1","max-image-preview":"max-image-preview:large","max-video-preview":"max-video-preview:-1"},"canonical":"https:\/\/nkcenter.cz\/cs\/service\/facelifting\/","og_locale":"cs_CZ","og_type":"article","og_title":"Neinvazivn\u00ed lifting obli\u010deje","og_description":"Neinvazivn\u00ed lifting obli\u010deje je kombinace p\u0159\u00edstrojov\u00fdch procedur a mas\u00e1\u017ee obli\u010deje zam\u011b\u0159en\u00fdch na omlazen\u00ed a zpevn\u011bn\u00ed poko\u017eky obli\u010deje, krku a dekoltu s \u00fa\u010dinkem od 6 m\u011bs\u00edc\u016f do 1 roku.","og_url":"https:\/\/nkcenter.cz\/cs\/service\/facelifting\/","og_site_name":"\u0426\u0435\u043d\u0442\u0440 \u043a\u0440\u0430\u0441\u043e\u0442\u044b \u0438 \u0437\u0434\u043e\u0440\u043e\u0432\u044c\u044f NK","article_modified_time":"2025-08-07T14:49:43+00:00","og_image":[{"width":800,"height":563,"url":"https:\/\/nkcenter.cz\/wp-content\/uploads\/2024\/09\/\u0441\u0430\u043c\u043e\u043c\u0430\u0441\u0441\u0430\u0436-2.jpg","type":"image\/jpeg"}],"twitter_card":"summary_large_image","schema":{"@context":"https:\/\/schema.org","@graph":[{"@type":"WebPage","@id":"https:\/\/nkcenter.cz\/cs\/service\/facelifting\/","url":"https:\/\/nkcenter.cz\/cs\/service\/facelifting\/","name":"Neinvazivn\u00ed lifting obli\u010deje - \u0426\u0435\u043d\u0442\u0440 \u043a\u0440\u0430\u0441\u043e\u0442\u044b \u0438 \u0437\u0434\u043e\u0440\u043e\u0432\u044c\u044f NK ,","isPartOf":{"@id":"https:\/\/nkcenter.cz\/#website"},"primaryImageOfPage":{"@id":"https:\/\/nkcenter.cz\/cs\/service\/facelifting\/#primaryimage"},"image":{"@id":"https:\/\/nkcenter.cz\/cs\/service\/facelifting\/#primaryimage"},"thumbnailUrl":"https:\/\/nkcenter.cz\/wp-content\/uploads\/2024\/09\/\u0441\u0430\u043c\u043e\u043c\u0430\u0441\u0441\u0430\u0436-2.jpg","datePublished":"2024-08-02T13:47:48+00:00","dateModified":"2025-08-07T14:49:43+00:00","description":"Neinvazivn\u00ed lifting obli\u010deje je kombinace p\u0159\u00edstrojov\u00fdch procedur a mas\u00e1\u017ee obli\u010deje zam\u011b\u0159en\u00fdch na omlazen\u00ed a zpevn\u011bn\u00ed poko\u017eky obli\u010deje, krku a dekoltu s \u00fa\u010dinkem od 6 m\u011bs\u00edc\u016f do 1 roku.","breadcrumb":{"@id":"https:\/\/nkcenter.cz\/cs\/service\/facelifting\/#breadcrumb"},"inLanguage":"cs","potentialAction":[{"@type":"ReadAction","target":["https:\/\/nkcenter.cz\/cs\/service\/facelifting\/"]}]},{"@type":"ImageObject","inLanguage":"cs","@id":"https:\/\/nkcenter.cz\/cs\/service\/facelifting\/#primaryimage","url":"https:\/\/nkcenter.cz\/wp-content\/uploads\/2024\/09\/\u0441\u0430\u043c\u043e\u043c\u0430\u0441\u0441\u0430\u0436-2.jpg","contentUrl":"https:\/\/nkcenter.cz\/wp-content\/uploads\/2024\/09\/\u0441\u0430\u043c\u043e\u043c\u0430\u0441\u0441\u0430\u0436-2.jpg","width":800,"height":563},{"@type":"BreadcrumbList","@id":"https:\/\/nkcenter.cz\/cs\/service\/facelifting\/#breadcrumb","itemListElement":[{"@type":"ListItem","position":1,"name":"\u0413\u043b\u0430\u0432\u043d\u0430\u044f \u0441\u0442\u0440\u0430\u043d\u0438\u0446\u0430","item":"https:\/\/nkcenter.cz\/cs\/"},{"@type":"ListItem","position":2,"name":"Slu\u017eby","item":"https:\/\/nkcenter.cz\/cs\/service\/"},{"@type":"ListItem","position":3,"name":"Neinvazivn\u00ed lifting obli\u010deje"}]},{"@type":"WebSite","@id":"https:\/\/nkcenter.cz\/#website","url":"https:\/\/nkcenter.cz\/","name":"\u0426\u0435\u043d\u0442\u0440 \u043a\u0440\u0430\u0441\u043e\u0442\u044b \u0438 \u0437\u0434\u043e\u0440\u043e\u0432\u044c\u044f NK","description":"","potentialAction":[{"@type":"SearchAction","target":{"@type":"EntryPoint","urlTemplate":"https:\/\/nkcenter.cz\/?s={search_term_string}"},"query-input":{"@type":"PropertyValueSpecification","valueRequired":true,"valueName":"search_term_string"}}],"inLanguage":"cs"}]}},"_links":{"self":[{"href":"https:\/\/nkcenter.cz\/cs\/wp-json\/wp\/v2\/service\/9118","targetHints":{"allow":["GET"]}}],"collection":[{"href":"https:\/\/nkcenter.cz\/cs\/wp-json\/wp\/v2\/service"}],"about":[{"href":"https:\/\/nkcenter.cz\/cs\/wp-json\/wp\/v2\/types\/service"}],"wp:featuredmedia":[{"embeddable":true,"href":"https:\/\/nkcenter.cz\/cs\/wp-json\/wp\/v2\/media\/7359"}],"wp:attachment":[{"href":"https:\/\/nkcenter.cz\/cs\/wp-json\/wp\/v2\/media?parent=9118"}],"curies":[{"name":"wp","href":"https:\/\/api.w.org\/{rel}","templated":true}]}}

Neinvazivní lifting obličeje

<!-- This site is optimized with the Yoast SEO Premium plugin v20.0 (Yoast SEO v25.0) - https://yoast.com/wordpress/plugins/seo/ -->
<title>Služby - Центр красоты и здоровья NK</title>
<meta name="description" content="Neinvazivní lifting obličeje je kombinace přístrojových procedur a masáže obličeje zaměřených na omlazení a zpevnění pokožky obličeje, krku a dekoltu s účinkem od 6 měsíců do 1 roku." />
<meta name="robots" content="index, follow, max-snippet:-1, max-image-preview:large, max-video-preview:-1" />
<link rel="canonical" href="https://nkcenter.cz/cs/service/facelifting/" />
<meta property="og:locale" content="cs_CZ" />
<meta property="og:type" content="article" />
<meta property="og:title" content="Neinvazivní lifting obličeje" />
<meta property="og:description" content="Neinvazivní lifting obličeje je kombinace přístrojových procedur a masáže obličeje zaměřených na omlazení a zpevnění pokožky obličeje, krku a dekoltu s účinkem od 6 měsíců do 1 roku." />
<meta property="og:url" content="https://nkcenter.cz/cs/service/facelifting/" />
<meta property="og:site_name" content="Центр красоты и здоровья NK" />
<meta property="article:modified_time" content="2025-08-07T14:49:43+00:00" />
<meta property="og:image" content="https://nkcenter.cz/wp-content/uploads/2024/09/самомассаж-2.jpg" />
	<meta property="og:image:width" content="800" />
	<meta property="og:image:height" content="563" />
	<meta property="og:image:type" content="image/jpeg" />
<meta name="twitter:card" content="summary_large_image" />
<script type="application/ld+json" class="yoast-schema-graph">{"@context":"https://schema.org","@graph":[{"@type":"WebPage","@id":"https://nkcenter.cz/cs/service/facelifting/","url":"https://nkcenter.cz/cs/service/facelifting/","name":"Neinvazivní lifting obličeje - Центр красоты и здоровья NK ,","isPartOf":{"@id":"https://nkcenter.cz/#website"},"primaryImageOfPage":{"@id":"https://nkcenter.cz/cs/service/facelifting/#primaryimage"},"image":{"@id":"https://nkcenter.cz/cs/service/facelifting/#primaryimage"},"thumbnailUrl":"https://nkcenter.cz/wp-content/uploads/2024/09/самомассаж-2.jpg","datePublished":"2024-08-02T13:47:48+00:00","dateModified":"2025-08-07T14:49:43+00:00","description":"Neinvazivní lifting obličeje je kombinace přístrojových procedur a masáže obličeje zaměřených na omlazení a zpevnění pokožky obličeje, krku a dekoltu s účinkem od 6 měsíců do 1 roku.","breadcrumb":{"@id":"https://nkcenter.cz/cs/service/facelifting/#breadcrumb"},"inLanguage":"cs","potentialAction":[{"@type":"ReadAction","target":["https://nkcenter.cz/cs/service/facelifting/"]}]},{"@type":"ImageObject","inLanguage":"cs","@id":"https://nkcenter.cz/cs/service/facelifting/#primaryimage","url":"https://nkcenter.cz/wp-content/uploads/2024/09/самомассаж-2.jpg","contentUrl":"https://nkcenter.cz/wp-content/uploads/2024/09/самомассаж-2.jpg","width":800,"height":563},{"@type":"BreadcrumbList","@id":"https://nkcenter.cz/cs/service/facelifting/#breadcrumb","itemListElement":[{"@type":"ListItem","position":1,"name":"Главная страница","item":"https://nkcenter.cz/cs/"},{"@type":"ListItem","position":2,"name":"Služby","item":"https://nkcenter.cz/cs/service/"},{"@type":"ListItem","position":3,"name":"Neinvazivní lifting obličeje"}]},{"@type":"WebSite","@id":"https://nkcenter.cz/#website","url":"https://nkcenter.cz/","name":"Центр красоты и здоровья NK","description":"","potentialAction":[{"@type":"SearchAction","target":{"@type":"EntryPoint","urlTemplate":"https://nkcenter.cz/?s={search_term_string}"},"query-input":{"@type":"PropertyValueSpecification","valueRequired":true,"valueName":"search_term_string"}}],"inLanguage":"cs"}]}</script>
<!-- / Yoast SEO Premium plugin. -->

Služby - Центр красоты и здоровья NK

Neinvazivní lifting obličeje je kombinace přístrojových procedur a masáže obličeje zaměřených na omlazení a zpevnění pokožky obličeje, krku a dekoltu s účinkem od 6 měsíců do 1 roku.

Центр красоты и здоровья NK

https://nkcenter.cz/wp-content/uploads/2024/09/самомассаж-2.jpg

Neinvazivní lifting obličeje - Центр красоты и здоровья NK ,

Главная страница

Služby
